)*-1. Let v(o) = -12*o. What is the units digit of v(f)?
2
Suppose 0 = -2*d + 2, 5*u + 2*d = 46 + 6. Let k = u + 7. What is the tens digit of k?
1
Let v(r) = -r + 12. Let s be v(6). Suppose -3*u + 3*i + s = 0, -3*u = i + 3 - 13. Suppose u*a + a = 4. What is the units digit of a?
1
Let k(b) = -b - 4. Let f = 7 + -14. Let w be k(f). Suppose 2*u - w*u + 1 = 0. What is the units digit of u?
1
Suppose -21*b = -15*b - 726. What is the tens digit of b?
2
Let f(u) = -2*u**2 + 4*u - 2. Let q be f(2). What is the tens digit of (10 - 0) + (-6)/q?
1
Suppose -3*t + 105 = -6*t. Let i = -20 - t. Suppose s + 0*q - 9 = -2*q, s = -4*q + i. What is the units digit of s?
3
Let k(v) = v**2 + 13*v + 7. Let q be k(-14). Suppose q*y - 23*y + 32 = 0. What is the units digit of y?
6
Suppose -4*p + 6 = -5*p. Let g = 6 - p. What is the units digit of g?
2
Let c = 1 - -1. Suppose z = -x - c*z - 7, x + z = 1. Suppose x*r - 5 = 5. What is the units digit of r?
2
Suppose 0 = -3*d + 16 + 35. Let f = -11 + d. What is the units digit of f?
6
What is the tens digit of 44 + 4/2 + -5?
4
Let p(m) = 44*m**2 - 2*m - 2. What is the hundreds digit of p(2)?
1
Let d(m) = -26*m**3 - m. Suppose -4*c - c = 5. Let y be d(c). Suppose -3*j - o + 4 = 0, -j - y = 5*o - 5. What is the units digit of j?
3
Let f = 7 + -13. Let s(p) = p**2 + 7*p + 9. Let w be s(f). Let y(j) = 2*j. What is the units digit of y(w)?
6
Suppose -19*y + 327 = -16*y. What is the units digit of y?
9
Let o be 9/(-6)*212/(-3). Let u = o + -60. What is the units digit of u?
6
Let c(g) = g + 9. Let z be c(-5). Suppose -z*j + 6 = -j. Suppose -w - j*w = -24. What is the units digit of w?
8
Suppose -2*g = -5*g + 36. What is the units digit of (g/9)/(1/3)?
4
Let o = 3 - -2. Suppose -2*h + o*h = 51. What is the units digit of h?
7
Let u = -28 - -46. Suppose -2*k = -5*k + u. What is the units digit of k?
6
Suppose -162 = -9*c + 3*c. What is the units digit of c?
7
Let v(g) = g + 5. Let z(k) = -3*k - 15. Let r(c) = -8*v(c) - 3*z(c). What is the units digit of r(-3)?
2
Suppose -6*z + 315 = -z. What is the units digit of z?
3
Let u(r) = r**3 + 5*r**2 - 9*r - 8. Let p = 9 - 15. Let m be u(p). Let n = 14 - m. What is the units digit of n?
4
Let l be ((-1)/3)/(3/(-9)). Suppose a = -d + 5, -6*d + 7*d - l = 3*a. Suppose -d*o + 7 = -1. What is the units digit of o?
2
Let u(q) = q**2 - 5*q + 7. Let l = -6 - -13. What is the tens digit of u(l)?
2
Suppose 5*q + 0 = -10. Let a(g) = 0*g - 4*g + 0 - 3 - 4*g**2 - 2*g**3. What is the units digit of a(q)?
5
What is the tens digit of ((-1)/(-2))/(9/918)?
5
Let u(c) = -6*c. Let x be 3/(-6)*0 - -8. Suppose 5*a = a - x. What is the tens digit of u(a)?
1
Suppose -424 = 6*d - 10*d. What is the tens digit of d?
0
Let i(a) = -4*a**3 - 2*a**2 - a. Suppose u - 4*g - 17 = 2*u, -4*u + 4*g + 12 = 0. Let f be i(u). Suppose 8 = t + f*t. What is the units digit of t?
2
Let v = 44 - 70. Let d = -15 - v. What is the units digit of d?
1
Let q(o) = 2*o**2 + 6*o + 3. Let z(k) = -k**2 + 4*k - 4. Let x be z(4). What is the tens digit of q(x)?
1
Let g(c) = -4*c**3 - 15*c**2 + 3*c - 1. Let t(b) = 3*b**3 + 14*b**2 - 2*b + 1. Let u(s) = 4*g(s) + 5*t(s). What is the units digit of u(10)?
1
Let m = 8 - 7. Suppose -6*d = -4*d + 3*u, d - 2*u = 14. Suppose p - m - d = 0. What is the units digit of p?
7
Let k = -10 + 16. Let n be (k/(-8))/((-2)/16). Let a(w) = w**3 - 6*w**2 + w - 4. What is the units digit of a(n)?
2
Let h(x) be the third derivative of x**6/30 - x**5/30 - x**4/12 + 3*x**2. What is the units digit of h(2)?
0
Suppose 257 = 2*b - 5*y, b + 3*y = -b + 217. What is the hundreds digit of b?
1
Let t(j) = 2*j**2 + 10*j + 14. What is the tens digit of t(-6)?
2
Let c(v) = -2*v**2 + 2*v - 2. Let s be c(2). Let a = -4 - s. Let w = -1 + a. What is the units digit of w?
1
Let c(f) = f**2 + 6*f + 2. Let k be c(-6). Suppose 0*j = k*j - 10. What is the units digit of j?
5
Suppose -4*a = 5*c - 1454, 0*c = 2*c - 4*a - 576. What is the units digit of c?
0
What is the units digit of (-3)/9 + (-170)/(-6)?
8
Let u = -5 - -9. Suppose d = 5*t - 230, u*t + d = 6*d + 184. What is the units digit of t?
6
Suppose 2*a - 248 = -2*l, -2*l + 171 = 3*a - 75. What is the units digit of l?
6
Suppose -25 = -4*x - x. What is the units digit of x?
5
Let p = -2 + 11. What is the units digit of p?
9
Let j(r) = 5*r**2 + r - 3. Let o(y) = -6*y**2 - y + 3. Let q(x) = -7*j(x) - 6*o(x). What is the units digit of q(3)?
9
Let f(i) = i**2 - 9*i. Let l be f(9). What is the tens digit of (-2)/(8/(-124) - l)?
3
Let n(a) = -a**3 + a**2 + 16. Let g be n(0). Let o = -5 + g. Suppose -17 = -4*s + o. What is the units digit of s?
7
Suppose 2*y - 33 = -9. What is the tens digit of 55/3 + (-4)/y?
1
Let m be (2 + -1)/((-1)/21). Let y = m - -47. Suppose c - y = -c. What is the tens digit of c?
1
Suppose 203 = 5*j - 32. Suppose 51 = 5*z - 119. Let h = j - z. What is the tens digit of h?
1
Let m = -7 + 30. What is the tens digit of m?
2
Let j = 135 + -120. What is the units digit of j?
5
Let v(m) = -10*m + 2. Let n be v(2). Let s = 1 - 4. What is the units digit of s/n - (-58)/12?
5
Let c(b) = -b**3 - 22*b**2 - 3*b - 13. What is the units digit of c(-22)?
3
Let u = -320 + 208. What is the units digit of (-6)/(-15) - u/20?
6
Suppose 7 = 2*k + 1. Suppose -2*u + 40 = 4*m - 0*m, 0 = k*m - 5*u - 56. What is the units digit of m?
2
Let y = 6 + -1. Suppose y*m + 0*m = 30. What is the units digit of m?
6
Let w = 21 + 12. Suppose 113 - w = 4*u. Suppose 4*c - u = -4*r, r + 6 = c - 1. What is the units digit of c?
6
Let d = 23 - 74. Let u = -36 - d. What is the tens digit of u?
1
Let u(g) = g**2 - 7*g + 3. Let q be u(9). Let p = 22 + q. What is the units digit of p?
3
Let w(l) = l**2 + 4*l + 7. What is the units digit of w(-4)?
7
Let m be (-15)/(-2)*-2*2. What is the units digit of m/(-4)*(-8)/(-5)?
2
What is the hundreds digit of (-36)/10 + 4 - 1516/(-10)?
1
What is the tens digit of 6/10 + (-3)/15*-357?
7
Let p = -7 + 42. What is the tens digit of p?
3
Let g(i) = -i**3 - 3*i**2 + 4*i - 2. What is the units digit of g(-5)?
8
Suppose -85 = -5*o - 0*o. What is the tens digit of o?
1
Suppose 5*t = 2*q - 45, 0 = 2*t - 5 - 1. What is the units digit of q?
0
Suppose -16*k = -21*k + 205. What is the tens digit of k?
4
Suppose h - 150 = 6*h. What is the units digit of (36/15)/((-9)/h)?
8
Let x = 1 - -1. What is the units digit of x?
2
Let o = 55 + -25. Suppose -2*v + o = -20. What is the tens digit of v?
2
Let d(a) = a**2 + 3*a - 5. Let l be d(-4). What is the tens digit of 6 + 8 + l/(-1)?
1
Suppose 2*g = -2*g. Suppose g = -3*i, -5*v + 3*i - i = -10. Suppose -4*k - k = -v*s + 30, -4*k = 16. What is the units digit of s?
5
Suppose -8*k = -142 - 242. What is the tens digit of k?
4
Let q(n) = n - 8. Let j be q(12). Suppose 0 = -v + j. What is the units digit of v?
4
Suppose 2*p - 74 = -3*d - d, 3*p = -9. Suppose -4*r + 5 = -3. Suppose r*z - 7*z + d = 0. What is the units digit of z?
4
Suppose -67*h = -63*h - 276. What is the tens digit of h?
6
Let n(i) = 3*i - 1. Let l = -7 - -13. What is the units digit of n(l)?
7
Let l = -2 + 9. Let u = l - 2. What is the units digit of u?
5
Suppose 5*c = -5*b + 10, 3*b = -c - 4 - 0. Suppose c*p + 190 = 5*a, -5*p - 151 = -4*a - 0*p. What is the tens digit of a?
3
Let i = -15 - -6. Let l(o) be the second derivative of -o**5/20 - 5*o**4/6 - 4*o**3/3 + 6*o**2 + 2*o. What is the units digit of l(i)?
3
Suppose 4*p = -4*a - 12, 4*a - p = -0*p - 2. Let u be (a/(-3))/((-2)/(-6)). Suppose g - 2 = -u. What is the units digit of g?
1
Let o(d) = 7*d - 1. Let s be o(4). What is the units digit of (0 - s)*(-4)/6?
8
Let b be (3/(-2))/((-9)/24). Let u(c) = c + 4. Let w be u(-3). Suppose 19 = b*k - w. What is the units digit of k?
5
Let l(m) = m**2 - 11*m - 8. What is the tens digit of l(14)?
3
Suppose -v + 378 = 4*v + d, -2*v + d + 147 = 0. What is the units digit of v?
5
Suppose 84 = -0*q + 4*q. Suppose -2*u + q + 9 = 0. What is the tens digit of u?
1
Let d(g) = -g + 15. What is the units digit of d(-15)?
0
Let j(a) = -a**2 + 42*a - 5. What is the units digit of j(13)?
2
Suppose -36 = 2*u - 5*u. Suppose -5*p = 3*v - 4*p - u, 5*v - 5*p - 40 = 0. Suppose -3*i - v*z = -42, -48 = -3*i - 4*z + z. What is the tens digit of i?
1
Let n be 4/(-2)*(-4 + -3). Let l = 17 - n. What is th